tors of t?
16141
What are the prime factors of 5 + (-14 - -14) + -236*(-303 + -1)?
157, 457
Let g = 32621 - 9552. List the prime factors of g.
17, 23, 59
What are the prime factors of (9622/3)/((31/(-744))/((-2)/8))?
2, 17, 283
Let m be (-2)/(-11) - 10816/(-44). Suppose 0 = 2*u + u - s - 2, -4 = -s. Suppose 5*a - m = u*a. List the prime factors of a.
2, 41
Let y = 8052 - 4742. List the prime factors of y.
2, 5, 331
Let w(n) = -n**2 + 7*n + 3. Let a be w(6). Suppose 17 = -3*b - s, b + 7*s = 8*s - 7. Let m = a + b. What are the prime factors of m?
3
Let y(g) = -g**3 + 3*g**2 + 105*g + 32984. List the prime factors of y(0).
2, 7, 19, 31
Suppose 6*t - 24*t + 174832 = -2*t. List the prime factors of t.
7, 223
Let q = -545 + 547. Suppose -q*w - 4*o + 1934 = 0, -11*w - 2*o - 4859 = -16*w. List the prime factors of w.
971
Let x(m) = 42*m**3 - 15*m**2 - 4*m - 39. List the prime factors of x(5).
2, 7, 43
List the prime factors of (1 - -140076)*-8*33/(-1848).
20011
Suppose -t - 22*m = -24*m - 6534, 3*m + 32684 = 5*t. What are the prime factors of t?
2, 7, 467
Suppose 2*g - 4*g - 4*o = -19356, 2*o + 48414 = 5*g. List the prime factors of g.
2, 47, 103
Suppose -2*a + 16 = -4*y, 4*a - 3*y = 8*a + 1. Suppose -a*h + 465 = 3*j, -5*h - j = -9*h + 937. What are the prime factors of h?
2, 3, 13
Let g be 10*2 + (-7 - -5). Suppose 5*w + 9 = j + 17, w = -4*j + 10. List the prime factors of -12*(-6)/g*15/j.
2, 3, 5
Suppose 0 = t - 2*k + 4*k - 58, 0 = -3*t - 3*k + 168. Suppose t*p = 61*p - 574. What are the prime factors of p?
2, 41
Suppose -39*q + 2604 = -35*q. Suppose j - 2*k = q, -3960 = -5*j + k - 750. List the prime factors of j.
641
Suppose 0 = -8*a + 10 + 22. Suppose 3*l = a*y - 2641, -5*y + 4*l + 2191 = -1111. List the prime factors of y.
2, 7, 47
Let h(z) be the first derivative of -z**4/4 + 16*z**3/3 + 5*z**2/2 - 36*z + 13. List the prime factors of h(13).
2, 67
List the prime factors of ((-10552)/(-16) - 25)*4/(-3)*-60.
2, 3, 5, 47
What are the prime factors of (-313659)/(-24) - (-72)/(-576)?
7, 1867
Let r = -63 + 67. Let u be (30/r)/(14/28). What are the prime factors of u*(-5 - -3)/(-2)?
3, 5
Suppose -3767909 - 8110867 = 38*w - 402*w. List the prime factors of w.
2, 3, 7, 37
Let v(y) = -y**2 - 15*y + 80. Let l be v(-19). Suppose -3*j + o + 832 = -80, l*o = 0. What are the prime factors of j?
2, 19
Let k be 5 + (-3 + 5)/(-2). Suppose 239 = k*o + 183. Suppose -j - o = -2*h, -4*j = -4*h + h + 31. List the prime factors of h.
5
List the prime factors of (3/(-1*(3 + -1)))/((-39)/711464).
2, 6841
Suppose 70*u + 12600 = 76*u. Suppose u = 45*y - 44430. List the prime factors of y.
2, 11, 47
Let c = 17084 - -5062. List the prime factors of c.
2, 3, 3691
Let u(f) = 119*f + 77. List the prime factors of u(1).
2, 7
Let m(c) = 3*c**3 + 10*c**2 + 27*c. Let s be m(-4). List the prime factors of ((-22736)/s)/((-6)/(-45)).
2, 3, 7, 29
Let z(m) = 4*m - 23. Let y be z(10). Suppose -45 - y = -r. List the prime factors of r.
2, 31
Suppose 0 = -3*x - 12, -4*f + 87 + 69 = x. Suppose -f*b + 38*b + 390 = 0. What are the prime factors of b?
3, 5, 13
Suppose -4*o + 5*r = -3717, -4605 = -5*o - 0*r - 2*r. Suppose 0 = 3*c - 3*x - 672, 5*x - o = 3*c - 7*c. List the prime factors of c.
227
Suppose -70*p = -71*p + 5. Suppose -2*f = -r - 0*r - 14, p*f - 44 = 3*r. What are the prime factors of 0 - (12/(-54) + 158/r)?
3
Suppose 1032*w = 1055*w - 106559. List the prime factors of w.
41, 113
List the prime factors of (-5 + -281)*39/(-26).
3, 11, 13
What are the prime factors of (-595401)/(-23)*(-5)/(-5)?
3, 8629
Suppose -3 = -3*r, 0 = 2*f - 21*r + 24*r - 2397. What are the prime factors of f?
3, 7, 19
Suppose 0 = o + 2*j - 8 - 0, 0 = -3*o + 5*j + 13. Let l(y) = -5*y - 5. Let t be l(o). Let s = 54 + t. What are the prime factors of s?
19
Let b(j) be the second derivative of -j**4/12 + 5*j**3/6 + 14*j. Let w be b(4). Let c(d) = d**3 + 3*d**2 - 7*d + 9. List the prime factors of c(w).
3, 31
Suppose 2*j - 2*l = 2, j + 4*l - 6 = 6*l. What are the prime factors of (1866/12 - 9)/((-2)/j)?
293
Suppose -32 = -6*b - 14. Let d be (0/(4 - 2))/3. Suppose -b*q - 43 + 508 = d. What are the prime factors of q?
5, 31
Suppose 5*u - 327936 = 92*q - 89*q, -4*u - 5*q + 262334 = 0. What are the prime factors of u?
2, 3, 17, 643
Let t(x) = 107*x**2 - 124*x - 12. List the prime factors of t(-7).
3, 19, 107
Let f(i) = 170*i - 1144. List the prime factors of f(36).
2, 311
Let t = 23 - 19. Suppose 69 = -c - t*m, 3*c + 2*m = -m - 216. Let f = c + 106. List the prime factors of f.
3, 11
Let p(j) = 277*j**2 - 2*j - 5. Let l be p(-2). Suppose -880 = -4*o + 2*r, 5*o + 9*r - l = 8*r. What are the prime factors of o?
13, 17
Let b(w) = 14*w**2 - 17*w + 17. What are the prime factors of b(-21)?
2, 1637
Suppose -h - 3*o - 10 + 31 = 0, -o + 3 = 0. Suppose g - 17 = -h. Suppose g*a = 337 + 148. List the prime factors of a.
97
Let d = 379 + -383. What are the prime factors of (-163)/1*(d + 3)?
163
Let c = 6044 + -4330. What are the prime factors of c?
2, 857
Suppose 30*n - 33*n + 2196 = 0. Let f(w) = -w**3 - 3*w**2 + w + 11. Let c be f(-6). Suppose -n = -5*o + c. List the prime factors of o.
13
Suppose 2*s + 3*s - 13275 = -2*h, -3*h + 15933 = 6*s. What are the prime factors of s?
7, 379
Let m = -12020 + 12323. Let n(h) = -5*h**2 + 2*h - 3. Let z be n(5). Let j = z + m. List the prime factors of j.
5, 37
Suppose -582 = -5*k - 3*s, 5*k = -0*k - s + 574. Let l = -324 - -326. Suppose -l*b + k = b. What are the prime factors of b?
2, 19
Suppose 21*v - 197855 = 93676 + 203418. List the prime factors of v.
7, 13, 37
Let z(b) = -231*b - 726. Let s be (-57)/(-133) - (-1226)/14. Let k(n) = 8*n + 25. Let v(a) = s*k(a) + 3*z(a). What are the prime factors of v(8)?
2, 5, 11
Let r(k) = -66*k**2 + 39*k + 107. Let v(l) = 2*l. Let s(w) = -r(w) + 2*v(w). What are the prime factors of s(-3)?
2, 37
Let y = 6382 - 3871. What are the prime factors of y?
3, 31
Suppose -12*a - 924 = -a. Let m = a + 123. What are the prime factors of m?
3, 13
List the prime factors of ((-7227)/(-8541))/((-2)/(-143026)).
11, 5501
Let s = 63 + -66. Let j(d) = 17*d**2 + 24*d + 64. What are the prime factors of j(s)?
5, 29
Let w(i) = -i**2 + 30*i - 54. Let g be w(28). Let m(q) = 2*q + 31*q**g + 21*q**2 - 6*q**2 - 7 + 6. What are the prime factors of m(1)?
47
Let t be 57/76 - (-10)/8. Suppose -90 = -v + q, v = -t*q - 0*q + 102. Suppose 4*a - v = 274. List the prime factors of a.
2, 23
Let a be (-5)/(-10)*0*(-4)/(-16). Suppose -l + 151 + 174 = a. Let r = l - 178. List the prime factors of r.
3, 7
Suppose 8 = 7*h - 3*h. Let d be ((-830)/(-15))/(h/6). List the prime factors of d + (-15)/6*-2.
3, 19
Let f = -18880 - -44722. What are the prime factors of f?
2, 3, 59, 73
Suppose -164 = 3*r + 4*t - 2*t, -2*t = -3*r - 172. Let c = r - -53. Let u(x) = -70*x - 7. List the prime factors of u(c).
7, 29
Let j = 336 + -360. Let v(d) = -d**3 - 26*d**2 - 86*d - 20. What are the prime factors of v(j)?
2, 223
Let d = 88377 - 45268. What are the prime factors of d?
11, 3919
List the prime factors of 12/(204/510017) + 0.
19, 1579
Let k(j) = 164*j**2 + 126*j + 257. What are the prime factors of k(-2)?
661
Suppose -21 - 259 = 10*y. Let i = -33 - y. List the prime factors of ((-2)/5)/(i/2100).
2, 3, 7
Suppose -2*u + 4 + 0 = 0. Suppose 0 = -2*f - u*n + 940, -f - 3*n + 945 = f. Suppose -4*b = h - 637, -3*b - 5*h + f = -0*h. List the prime factors of b.
2, 5
Let f be (55/(-22))/((-1)/2) + -3. Suppose -v - f*v + 1438 = p, 0 = -p + 1. What are the prime factors of v?
479
List the prime factors of (3 + 3 + (-5 - 0))*0 - -11728.
2, 733
Let u be (-1748)/(-171) + 4/(-18). Let s(h) = 5*h + 15. Let c be s(u). Suppose -l - 18 + c = 0. What are the prime factors of l?
47
Let p be ((-217)/28*2)/((-1)/6). Suppose 0 = q + 5*x + p - 1010, -x + 3 = 0. What are the prime factors of q?
2, 11, 41
Let r = -2799 + 2646. Suppose 0 = f + 4*f - 3*t - 1158, 2*f - 2*t - 464 = 0. Let l = r + f. What are the prime factors of l?
2, 3, 13
Let k be -4 + (-4725 + 1)/(-4). Suppose 0 = -g - 4*c + 221, g - k = -4*g + 4*c. Let b = g + -125. What are the prime factors of b?
2, 3
Suppose 4*k + 4*l - 56140 = 0, -14020 = -k - 185*l + 189*l. List the prime factors of k.
2, 877
Let n(c) = 52*c**2 + 38*c - 58. What are the prime factors of 